t h(z) = -5. Let l(j) = -j**2 + j + 12. Let r(c) = 5*h(c) + 2*l(c). Give r(2).
-5
Let c(q) be the first derivative of q**4/4 + 14*q**3/3 - 15*q**2/2 - 15*q - 356. Give c(-15).
-15
Let m = -7 + 11. Let g = m + -7. Let t(j) = 12*j**2 - 160 - 11*j**2 + j**3 + 157 - 5*j. What is t(g)?
-6
Let b(o) = o**3 - 4*o**2 - 3*o + 6. Suppose -4*a - 2*g + 0*g = 6, -3*a - 5*g = -13. Let t be a/(-12) + (-8)/(-3). Let i = t - -1. Calculate b(i).
-6
Let m(q) = q**3 + 4*q**2 - 5*q - 5. Let k be (6/12)/((-3)/30). Let b be m(k). Let x(p) = p**3 + 5*p**2 + p - 1. Let l be x(b). Let d(n) = -n + 1. What is d(l)?
7
Let d(a) = 4*a**3 - 5*a**2 + 5*a + 5. Let x(m) = 6*m**3 - 7*m**2 + 7*m + 7. Let h(i) = -7*d(i) + 5*x(i). Let q = 706 - 707. Determine h(q).
-2
Suppose -4*s + 88*u = 83*u + 2, -2*u - 2 = -3*s. Let j(c) = -6*c**3 + 2*c**2 + c. Determine j(s).
-38
Suppose 3*j = 2*v + 37, 5*v + 2*j = -47 - 55. Let p be v/(-14) + 8/14. Let u(w) = 2*w + 2*w - 2*w**3 + 1 + 5*w**p + 2*w + 3*w**3. Determine u(-4).
-7
Suppose 6*r + 8*r - 168 = 0. Suppose -h + 39 = 5*x, -5*x + x + r = -4*h. Let t(o) = o - 4. Determine t(x).
3
Let u(y) = 16*y - 6. Let f(o) = -5*o + 2. Let j(a) = -10*f(a) - 3*u(a). Let k(i) = -37 - 5*i - 40 + 31. Let c be k(-10). Determine j(c).
6
Let w(q) = q**2 + 6*q - 8. Suppose -4*p = 2*n - 4, -2*n = -82*p + 78*p + 28. Calculate w(n).
-8
Suppose 0 = 42*d - 24*d + 126. Let i(t) = -t**3 - 5*t**2 + 9*t - 3. Calculate i(d).
32
Let r be 34/85 - 8/(-5). Let s(i) = -i**3 + 4*i**r - i + 3*i - i. Let o(x) = x + 15. Let z be o(-11). What is s(z)?
4
Let y(g) = -g**3 + 4*g**2 + 2*g - 5. Let f be y(4). Let i be 1/3 - (-74)/f. Suppose 4*k - i = 9*k. Let s(x) = -x**2 - 5*x - 2. Determine s(k).
-2
Let y(d) = 16*d**3 - 2*d - 17*d**3 - 3 - 2*d - 3*d**2 + d. Give y(-3).
6
Let j = -31 + 34. Suppose -4 = -q - j. Let n(a) = -a**3 - a**2. What is n(q)?
-2
Let c be (-5)/(-25) - (2 + 113/(-60)). Let d(v) be the second derivative of 0 + v**3 + v**2 + 3*v + c*v**4. Calculate d(-4).
-6
Let d(y) be the first derivative of y**3/3 + y**2/2 + y + 61. Give d(-1).
1
Let f(k) = -k**3 - 6*k**2 + k + 6. Let c(h) = h**3 - 5*h**2 + 7*h - 7. Let o be c(4). Suppose -3*b - 48 = o*b. Give f(b).
0
Let s(t) = -t**3 + 4*t**2 + 2*t + 1. Let w(b) = 5*b**3 + 0*b**3 - 4*b**2 - 2*b**2 + 4*b**2 + b. Let v be w(1). What is s(v)?
9
Suppose -6*a + 48 = -0*a. Let i(t) = -4*t + a*t - 3*t. Determine i(1).
1
Let c(f) = f**2 + 9*f + 15. Let m be ((-12)/10)/(45/150). Give c(m).
-5
Suppose -r + 2 = 1. Let t(i) = -2*i + r - 11*i**2 + 0 + 3 - 5. Suppose 6 = -4*w + 2. Give t(w).
-10
Let x(f) be the second derivative of -f**4/12 - 5*f**3/6 + 5*f**2/2 + 237*f - 2. Determine x(2).
-9
Suppose -57 = -5*b - 67. Let w(f) = 2*f**3 - 5*f - 3. Determine w(b).
-9
Suppose 1049 = -5*t + 1029. Let n(b) = 10*b + 2 - 1 + b**3 - 4*b + 6*b**2. Calculate n(t).
9
Suppose 17*h = 7*h + 240. Suppose 2*p + 2 = -0*p, -h = 4*i - 4*p. Let n(f) = f**2 + 7*f + 1. Determine n(i).
1
Let o(w) = -7*w**2 + 3*w - 3. Let x(g) = 4*g**2 - g + 2. Let s(d) = -3*o(d) - 5*x(d). Determine s(5).
4
Let g(l) = l**3 + 29*l**2 + 9. Let a be g(-29). Let q(k) = 4*k - 39. Give q(a).
-3
Let h(v) be the second derivative of -v**5/120 - v**4/8 + 5*v**3 + 18*v. Let k(y) be the second derivative of h(y). What is k(-4)?
1
Let r(c) = -1318*c + 659*c + 657*c + 2. Let k(s) = s**3 + 3*s**2 - 5*s. Let j be k(-4). Determine r(j).
-6
Let a(s) = -2*s**2 - 4*s - 1. Let q(v) = 2*v**2 + 5*v + 1. Let x = 28 + -31. Let c(m) = x*a(m) - 2*q(m). Determine c(-1).
1
Let k(q) be the first derivative of 1/3*q**3 + 10 - 4*q**2 - 5*q. Give k(6).
-17
Let v = 244 + -235. Let k(h) = -h**3 + 9*h**2 - h + 6. Calculate k(v).
-3
Suppose 0 = 4*s + 5*b - 38, b = 4*s - 32 + 6. Let w = -2 + s. Let l(k) = 2*k + 4*k - 2*k - 3 - w*k. Calculate l(-7).
4
Let d(x) = -5*x - 11. Let b(h) = -8*h - 20. Let a(v) = 3*b(v) - 5*d(v). What is a(8)?
3
Let l be 33/6 - -1 - 50/20. Let d(n) = n**2 - 3 + n - 4*n + 0*n. Calculate d(l).
1
Let j = -3 - 0. Let u(n) = -3*n - 5. Let t(r) = 8*r + 12. Let s(i) = 5*t(i) + 12*u(i). Let c(g) = 7*g + 1. Let k(l) = 3*c(l) - 5*s(l). What is k(j)?
0
Let x(m) be the first derivative of 5*m**4/2 + 13*m**3/3 - 3*m + 32. Let r(g) = 7*g**3 + 9*g**2 - 2. Let p(j) = 7*r(j) - 5*x(j). Determine p(-1).
0
Let z = -1318 + 1315. Let u(q) = -q**3 - 2*q**2 - 2*q - 4. Determine u(z).
11
Let r be (-170)/4*(-24)/30. Suppose 0 = 5*z - 4*x + r, -z - z = 2*x + 10. Let y(v) = -2898*v - 2891*v + 5788*v + 2. Calculate y(z).
8
Let q(n) be the third derivative of -n**7/420 + n**5/120 - n**4/12 - 2*n**2. Let p(r) be the second derivative of q(r). Suppose -42*g = 22 + 20. Calculate p(g).
-5
Let j = 3 - -2. Let m(l) be the first derivative of l**2/2 - 8*l + 201. Determine m(j).
-3
Let d(u) = 2 + u - 9*u + 0 + u**2. Let k(o) = o**2 + 7*o + 4. Let i be k(-7). Suppose -2*f - s - s + 22 = 0, -2*f = i*s - 32. What is d(f)?
-10
Let w be 399/(-1710)*2/(-14). Let i(g) be the third derivative of 1/6*g**3 + 0*g + 6*g**2 + 0 + 0*g**4 + w*g**5. Determine i(1).
3
Let k = 16 - 11. Let n(h) = k*h**3 + 16*h**2 + 12 - 107*h + 107*h. Let y(w) = 3*w**3 + 11*w**2 + 8. Let q(i) = -5*n(i) + 8*y(i). Calculate q(8).
4
Let y(z) = z**3 + 9*z**2 + 8*z + 10. Let s(t) = t**2 - t - 11. Let c be s(-6). Let h = c - 39. Give y(h).
10
Let g be -2*(2 - 3/1). Let a(t) = -934*t + 468*t - 2*t**2 - 3 + t**2 + 470*t. Determine a(g).
1
Suppose -2 = -4*o + 6. Suppose -2*d + 20 = -t - 4*t, -o*d = t - 8. Let p(w) = -w**3 + 5*w**2 + 2*w + 5. Give p(d).
15
Let j(c) be the first derivative of 2*c**2 - 3*c - 1. Let k = 3799 + -3797. What is j(k)?
5
Let k(l) = -21*l - 6. Let j(w) = -41*w - 9. Let s(v) = -3*j(v) + 5*k(v). What is s(2)?
33
Let a(v) = -v + 2. Let n(f) = -f + 3. Let h(z) = -3*z + 8. Let r be 2/(-3) + 20/(-6). Let x(j) = r*h(j) + 11*n(j). Let s be x(4). Give a(s).
-3
Let f(b) = -b**2 + 8*b + 1. Let h(m) = 7*m**2 + m - 3. Let x be h(-2). Suppose -2*y - 16 = -5*v + 27, 0 = -v + 4*y + x. Give f(v).
8
Let c(m) be the third derivative of m**4/24 + 7*m**3/6 + 4*m**2. Suppose -12 = 3*h - 18. Suppose h*u = 3*u. Calculate c(u).
7
Suppose -66 = 90*i - 336. Let b(y) = 2*y - 1. What is b(i)?
5
Let n = -4 - -2. Let z = n + 0. Let v(a) = -a**3 + a**2 + a + 4. Let m(j) = 5*j**3 - j**2 - j - 15. Let b(d) = m(d) + 4*v(d). Give b(z).
-1
Let p(a) = 269*a**2 - 2*a + 47*a**2 - 310*a**2. Give p(-2).
28
Let c(r) be the first derivative of -2*r**2 - 2*r + 70. Give c(-6).
22
Let n be 3 - (0 + 2)/2. Let z(h) = h + 69. Let a(v) = 23. Let w(f) = -3*a(f) + z(f). What is w(n)?
2
Let n(p) = 1. Let q(d) = d + 10. Let b(h) = -2*n(h) - q(h). Calculate b(-6).
-6
Suppose 0 = 17*c - 12*c - 20. Let p(s) be the first derivative of 1/4*s**c - s + 7 - 1/3*s**3 - 1/2*s**2. Determine p(2).
1
Let g = 260 - 115. Let p(o) = -2*o**3 + g - 8*o**2 - 8*o - 139 + o**3. Determine p(-6).
-18
Let s(f) be the third derivative of 7*f**4/24 + 7*f**3/6 + 286*f**2. Give s(2).
21
Suppose -3*l - 283 = -5*y, 3*y + 5*l = 8 + 155. Suppose -9*m - 5*m = -y. Let n(b) = 5*b + 5. Determine n(m).
25
Let i(f) be the third derivative of 1/120*f**6 + 2*f**2 - 3/8*f**4 + 0*f + 0 - 1/120*f**5 + 0*f**3. Let v(w) be the second derivative of i(w). Calculate v(-1).
-7
Suppose 0 = -7*p + 11 - 4. Suppose -z + 6 = 3*s - p, 5*s - 4*z - 23 = 0. Suppose -4*b - 5 = s. Let t(m) = m**3 + m**2 + m. Give t(b).
-6
Let y(h) = h**3 - 4*h**2 - 6*h + 5. Let s be y(5). Let v(m) = 7 + 7*m**3 - 2*m**3 - 4 + 17*m**3 - 23*m**3 - m. Give v(s).
3
Let j(t) = 6*t**2 + 1. Suppose 0*h + 2*h = -4*k - 16, -2*k + 4*h - 18 = 0. Let g be (-3 + 3 - -4) + k. What is j(g)?
7
Let m(z) = z**3 - 2*z**2 - 4*z + 3. Let h(l) = 2*l - 1. Let u = 39 + -37. Let v be h(u). What is m(v)?
0
Let c(n) = 3*n + 7. Suppose 5*k + 8 = 2*h + 39, 5*k + 34 = -3*h. Give c(h).
-32
Let b(y) = y**2 - 3 + 4 + 2*y - 3*y. Suppose 3*f - 5 + 21 = -5*g, -3*f - 14 = 4*g. Determine b(g).
7
Suppose 3*f - 43 - 17 = 0. Let h(r) = r**2 - r - 4. Let p be h(3). Suppose p*g - f = -6. Let b(l) = -l**2 + 8*l - 6. Give b(g).
1
Let r(c) = -9*c + 2. Let v(n) be the third derivative of 5*n**4/24 - n**3/6 - 2*n**2. Let f(y) = 4*r(y) + 7*v(y). Suppose 3*q - 15 = -6. Give f(q).
-2
Suppose 2*v - 38 = -12. Let g(h) = -v + 9 + 5*h - 3*h. Determine g(5).
6
Let l(d) = d**2 - d + 21. Suppose -7*m + 19*m = -4*m. What is l(m)?
21
Let